{"id":210,"date":"2020-06-12T12:34:57","date_gmt":"2020-06-12T10:34:57","guid":{"rendered":"http:\/\/forum-entreprises.imt-lille-douai.fr\/forums\/?page_id=210"},"modified":"2022-03-17T14:19:46","modified_gmt":"2022-03-17T13:19:46","slug":"devenir-partenaire","status":"publish","type":"page","link":"https:\/\/forum-entreprises.imt-nord-europe.fr\/forums\/index.php\/devenir-partenaire\/","title":{"rendered":"Devenons partenaires"},"content":{"rendered":"\n<figure class=\"wp-block-pullquote\"><blockquote><p> <\/p><\/blockquote><\/figure>\n\n\n\n<p>Afin de r\u00e9pondre aux besoins et attentes de chaque entreprise (stages, alternance, emplois\u2026) IMT Nord Europe propose 4 formules de partenariat \u00e9cole\/entreprise pour&nbsp;:<\/p>\n\n\n\n<ul class=\"wp-block-list\"><li><strong>Recruter vos talents<\/strong> (\u00e9tudiant(e)s &amp; Alumni)<\/li><li><strong>Rencontrer nos \u00e9tudiant(e)s<\/strong><\/li><li><strong>Am\u00e9liorer votre visibilit\u00e9 et votre marque employeur<\/strong><\/li><li>Acc\u00e9der aux ressources d&rsquo;IMT Nord Europe<\/li><li>Participer \u00e0 la gouvernance de l&rsquo;\u00e9cole<\/li><\/ul>\n\n\n\n<div class=\"wp-block-image\"><figure class=\"aligncenter size-large\"><img loading=\"lazy\" decoding=\"async\" width=\"1024\" height=\"543\" src=\"http:\/\/forum-entreprises.imt-nord-europe.fr\/forums\/wp-content\/uploads\/2021\/09\/sch\u00e9ma-jpg-1024x543.jpg\" alt=\"\" class=\"wp-image-875\" srcset=\"https:\/\/forum-entreprises.imt-nord-europe.fr\/forums\/wp-content\/uploads\/2021\/09\/sch\u00e9ma-jpg-1024x543.jpg 1024w, https:\/\/forum-entreprises.imt-nord-europe.fr\/forums\/wp-content\/uploads\/2021\/09\/sch\u00e9ma-jpg-300x159.jpg 300w, https:\/\/forum-entreprises.imt-nord-europe.fr\/forums\/wp-content\/uploads\/2021\/09\/sch\u00e9ma-jpg-768x407.jpg 768w, https:\/\/forum-entreprises.imt-nord-europe.fr\/forums\/wp-content\/uploads\/2021\/09\/sch\u00e9ma-jpg-1536x814.jpg 1536w, https:\/\/forum-entreprises.imt-nord-europe.fr\/forums\/wp-content\/uploads\/2021\/09\/sch\u00e9ma-jpg-2048x1086.jpg 2048w, https:\/\/forum-entreprises.imt-nord-europe.fr\/forums\/wp-content\/uploads\/2021\/09\/sch\u00e9ma-jpg-1200x636.jpg 1200w, https:\/\/forum-entreprises.imt-nord-europe.fr\/forums\/wp-content\/uploads\/2021\/09\/sch\u00e9ma-jpg-1980x1050.jpg 1980w\" sizes=\"auto, (max-width: 1024px) 100vw, 1024px\" \/><\/figure><\/div>\n\n\n\n<ul class=\"wp-block-list\"><li><strong>Une convention de partenariat<\/strong> <strong>\u00e9volutive et adapt\u00e9e<\/strong> \u00e0 vos besoins,&nbsp;<\/li><li>Une&nbsp; <strong>offre d\u2019actions<\/strong> <strong>\u00e9tendue<\/strong> pour vous permettre de faire vos choix,<\/li><li>Un <strong>Pack Forum entreprises complet <\/strong>inclus d\u00e8s&nbsp; la Formule \u00ab&nbsp;Club Entreprises&nbsp;\u00bb,<\/li><li><strong>Un tarif personnalis\u00e9<\/strong> si votre entreprise apporte d\u2019autres soutiens \u00e0 la formation de l&rsquo;\u00e9cole,<\/li><li>Un acc\u00e8s aux actions et \u00e9v\u00e9nements de 5 grandes \u00e9coles de l\u2019Institut Mines-T\u00e9l\u00e9com gr\u00e2ce \u00e0 la<strong> formule<\/strong> <strong>m\u00e9c\u00e9nat \u00ab&nbsp;Campus Premium&nbsp;\u00bb<\/strong> via la Fondation Mines-T\u00e9l\u00e9com.<\/li><\/ul>\n\n\n\n<p><\/p>\n","protected":false},"excerpt":{"rendered":"<p>Afin de r\u00e9pondre aux besoins et attentes de chaque entreprise (stages, alternance, emplois\u2026) IMT Nord Europe propose 4 formules de partenariat \u00e9cole\/entreprise pour&nbsp;: Recruter vos talents (\u00e9tudiant(e)s &amp; Alumni) Rencontrer nos \u00e9tudiant(e)s Am\u00e9liorer votre visibilit\u00e9 et votre marque employeur Acc\u00e9der aux ressources d&rsquo;IMT Nord Europe Participer \u00e0 la gouvernance de l&rsquo;\u00e9cole Une convention de partenariat [&hellip;]<\/p>\n","protected":false},"author":1,"featured_media":989,"parent":0,"menu_order":0,"comment_status":"closed","ping_status":"closed","template":"templates\/template-full-width.php","meta":{"footnotes":""},"class_list":["post-210","page","type-page","status-publish","has-post-thumbnail","hentry"],"_links":{"self":[{"href":"https:\/\/forum-entreprises.imt-nord-europe.fr\/forums\/index.php\/wp-json\/wp\/v2\/pages\/210","targetHints":{"allow":["GET"]}}],"collection":[{"href":"https:\/\/forum-entreprises.imt-nord-europe.fr\/forums\/index.php\/wp-json\/wp\/v2\/pages"}],"about":[{"href":"https:\/\/forum-entreprises.imt-nord-europe.fr\/forums\/index.php\/wp-json\/wp\/v2\/types\/page"}],"author":[{"embeddable":true,"href":"https:\/\/forum-entreprises.imt-nord-europe.fr\/forums\/index.php\/wp-json\/wp\/v2\/users\/1"}],"replies":[{"embeddable":true,"href":"https:\/\/forum-entreprises.imt-nord-europe.fr\/forums\/index.php\/wp-json\/wp\/v2\/comments?post=210"}],"version-history":[{"count":17,"href":"https:\/\/forum-entreprises.imt-nord-europe.fr\/forums\/index.php\/wp-json\/wp\/v2\/pages\/210\/revisions"}],"predecessor-version":[{"id":876,"href":"https:\/\/forum-entreprises.imt-nord-europe.fr\/forums\/index.php\/wp-json\/wp\/v2\/pages\/210\/revisions\/876"}],"wp:featuredmedia":[{"embeddable":true,"href":"https:\/\/forum-entreprises.imt-nord-europe.fr\/forums\/index.php\/wp-json\/wp\/v2\/media\/989"}],"wp:attachment":[{"href":"https:\/\/forum-entreprises.imt-nord-europe.fr\/forums\/index.php\/wp-json\/wp\/v2\/media?parent=210"}],"curies":[{"name":"wp","href":"https:\/\/api.w.org\/{rel}","templated":true}]}}

<figure class="wp-block-pullquote"><blockquote><p> </p></blockquote></figure>



<p>Afin de répondre aux besoins et attentes de chaque entreprise (stages, alternance, emplois…) IMT Nord Europe propose 4 formules de partenariat école/entreprise pour&nbsp;:</p>



<ul class="wp-block-list"><li><strong>Recruter vos talents</strong> (étudiant(e)s &amp; Alumni)</li><li><strong>Rencontrer nos étudiant(e)s</strong></li><li><strong>Améliorer votre visibilité et votre marque employeur</strong></li><li>Accéder aux ressources d&rsquo;IMT Nord Europe</li><li>Participer à la gouvernance de l&rsquo;école</li></ul>



<div class="wp-block-image"><figure class="aligncenter size-large"><img loading="lazy" decoding="async" width="1024" height="543" src="http://forum-entreprises.imt-nord-europe.fr/forums/wp-content/uploads/2021/09/schéma-jpg-1024x543.jpg" alt="" class="wp-image-875" srcset="https://forum-entreprises.imt-nord-europe.fr/forums/wp-content/uploads/2021/09/schéma-jpg-1024x543.jpg 1024w, https://forum-entreprises.imt-nord-europe.fr/forums/wp-content/uploads/2021/09/schéma-jpg-300x159.jpg 300w, https://forum-entreprises.imt-nord-europe.fr/forums/wp-content/uploads/2021/09/schéma-jpg-768x407.jpg 768w, https://forum-entreprises.imt-nord-europe.fr/forums/wp-content/uploads/2021/09/schéma-jpg-1536x814.jpg 1536w, https://forum-entreprises.imt-nord-europe.fr/forums/wp-content/uploads/2021/09/schéma-jpg-2048x1086.jpg 2048w, https://forum-entreprises.imt-nord-europe.fr/forums/wp-content/uploads/2021/09/schéma-jpg-1200x636.jpg 1200w, https://forum-entreprises.imt-nord-europe.fr/forums/wp-content/uploads/2021/09/schéma-jpg-1980x1050.jpg 1980w" sizes="auto, (max-width: 1024px) 100vw, 1024px" /></figure></div>



<ul class="wp-block-list"><li><strong>Une convention de partenariat</strong> <strong>évolutive et adaptée</strong> à vos besoins,&nbsp;</li><li>Une&nbsp; <strong>offre d’actions</strong> <strong>étendue</strong> pour vous permettre de faire vos choix,</li><li>Un <strong>Pack Forum entreprises complet </strong>inclus dès&nbsp; la Formule «&nbsp;Club Entreprises&nbsp;»,</li><li><strong>Un tarif personnalisé</strong> si votre entreprise apporte d’autres soutiens à la formation de l&rsquo;école,</li><li>Un accès aux actions et événements de 5 grandes écoles de l’Institut Mines-Télécom grâce à la<strong> formule</strong> <strong>mécénat «&nbsp;Campus Premium&nbsp;»</strong> via la Fondation Mines-Télécom.</li></ul>



<p></p>

<p>Afin de répondre aux besoins et attentes de chaque entreprise (stages, alternance, emplois…) IMT Nord Europe propose 4 formules de partenariat école/entreprise pour&nbsp;: Recruter vos talents (étudiant(e)s &amp; Alumni) Rencontrer nos étudiant(e)s Améliorer votre visibilité et votre marque employeur Accéder aux ressources d&rsquo;IMT Nord Europe Participer à la gouvernance de l&rsquo;école Une convention de partenariat [&hellip;]</p>
