{"id":241,"date":"2020-06-18T17:49:08","date_gmt":"2020-06-18T15:49:08","guid":{"rendered":"http:\/\/forum-entreprises.imt-lille-douai.fr\/forums\/?page_id=241"},"modified":"2025-04-17T10:45:52","modified_gmt":"2025-04-17T08:45:52","slug":"formations","status":"publish","type":"page","link":"https:\/\/forum-entreprises.imt-nord-europe.fr\/forums\/index.php\/formations\/","title":{"rendered":"Formations"},"content":{"rendered":"\r\n<blockquote class=\"wp-block-quote is-style-large is-layout-flow wp-block-quote-is-layout-flow\">\r\n<p>&nbsp;<\/p>\r\n<\/blockquote>\r\n\r\n\r\n\r\n<div class=\"wp-block-columns is-layout-flex wp-container-core-columns-is-layout-9d6595d7 wp-block-columns-is-layout-flex\" style=\"text-align: center;\">\r\n<div class=\"wp-block-column is-layout-flow wp-block-column-is-layout-flow\">\r\n<h4 style=\"text-align: left;\"><b>Ing\u00e9nieur g\u00e9n\u00e9raliste<span class=\"Apple-converted-space\">\u00a0<\/span><\/b><\/h4>\r\n<p style=\"text-align: left;\">Domaines d\u2019enseignement : Industrie et Services ; \u00c9nergie et Environnement ; Sciences et Technologies du Num\u00e9rique ; Eco-Mat\u00e9riaux, Industrie et G\u00e9nie Civil<\/p>\r\n<p style=\"text-align: left;\">En formation initiale ou formation continue dipl\u00f4mante<\/p>\r\n<h4 style=\"text-align: left;\"><b>Ing\u00e9nieur de sp\u00e9cialit\u00e9 (en apprentissage)<\/b><\/h4>\r\n<ul style=\"text-align: left;\">\r\n<li>Informatique, T\u00e9l\u00e9communications et R\u00e9seaux (Campus de Villeneuve d\u2019Ascq)<\/li>\r\n<li>G\u00e9nie Industriel (Campus de Valenciennes)<\/li>\r\n<li>Mat\u00e9riaux, Plasturgie et Composites (Campus d\u2019Alen\u00e7on)<\/li>\r\n<li>G\u00e9nie des Infrastructures Ferroviaires (Campus de Valenciennes)<\/li>\r\n<li>G\u00e9nie \u00e9nerg\u00e9tique (Campus de Dunkerque)<\/li>\r\n<\/ul>\r\n<h4 style=\"text-align: left;\"><b>Programme d\u2019Int\u00e9gration Ing\u00e9nieur<span class=\"Apple-converted-space\">\u00a0<\/span><\/b><b>en Apprentissage (<\/b>\u03c0<b>A)<\/b><\/h4>\r\n<h4 style=\"text-align: left;\"><b>Masters Internationaux<\/b><\/h4>\r\n<ul style=\"text-align: left;\">\r\n<li>MSc Eco-design and Advanced Composite Structures<\/li>\r\n<li>MSc Advanced Design and Management of Durable Constructions<\/li>\r\n<li>MSc in Design and Management of the Industry 4.0<\/li>\r\n<\/ul>\r\n<h4 style=\"text-align: left;\"><b>Mast\u00e8res Sp\u00e9cialis\u00e9s<sup>\u00ae<\/sup><\/b><\/h4>\r\n<ul style=\"text-align: left;\">\r\n<li>Produits et Proc\u00e9d\u00e9s de l\u2019Industrie du B\u00e9ton<\/li>\r\n<li>B\u00e2timent \u00e0 \u00c9nergie Positive<\/li>\r\n<li>Management des Risques Professionnels et Technologiques<\/li>\r\n<li>Ing\u00e9nierie de la Cybers\u00e9curit\u00e9<\/li>\r\n<li>Ing\u00e9nierie de l\u2019\u00c9conomie Circulaire Appliqu\u00e9e aux Mat\u00e9riaux Durables<\/li>\r\n<\/ul>\r\n<h4 style=\"text-align: left;\"><b>Doctorat<br \/><\/b>Accr\u00e9ditation \u00e0 d\u00e9livrer le dipl\u00f4me pour trois \u00e9coles doctorales :<\/h4>\r\n<ul style=\"text-align: left;\">\r\n<li>Sciences de l\u2019Inge\u0301nierie et des Syste\u0300mes (ENGSYS ED 632)<\/li>\r\n<li>Sciences de la Mati\u00e8re, du Rayonnement et de l\u2019Environnement (SMRE ED 104)<\/li>\r\n<li>Mathe\u0301matiques, Sciences du Nume\u0301rique et de leurs interactions (MADIS ED 631)<\/li>\r\n<\/ul>\r\n<\/div>\r\n<div class=\"wp-block-column\" style=\"text-align: left;\"><\/div>\r\n<\/div>\r\n\r\n\r\n\r\n<p class=\"has-text-align-right\" style=\"text-align: left;\"><span class=\"has-inline-color has-subtle-background-color\"><strong><a href=\"http:\/\/imt-nord-europe.fr\/formations\/toutes-les-formations\/\" target=\"_blank\" rel=\"noreferrer noopener\">En savoir plus &gt;<\/a><\/strong><\/span><\/p>\r\n","protected":false},"excerpt":{"rendered":"<p>&nbsp; Ing\u00e9nieur g\u00e9n\u00e9raliste\u00a0 Domaines d\u2019enseignement : Industrie et Services ; \u00c9nergie et Environnement ; Sciences et Technologies du Num\u00e9rique ; Eco-Mat\u00e9riaux, Industrie et G\u00e9nie Civil En formation initiale ou formation continue dipl\u00f4mante Ing\u00e9nieur de sp\u00e9cialit\u00e9 (en apprentissage) Informatique, T\u00e9l\u00e9communications et R\u00e9seaux (Campus de Villeneuve d\u2019Ascq) G\u00e9nie Industriel (Campus de Valenciennes) Mat\u00e9riaux, Plasturgie et Composites (Campus [&hellip;]<\/p>\n","protected":false},"author":1,"featured_media":1333,"parent":0,"menu_order":0,"comment_status":"closed","ping_status":"closed","template":"templates\/template-full-width.php","meta":{"footnotes":""},"class_list":["post-241","page","type-page","status-publish","has-post-thumbnail","hentry"],"_links":{"self":[{"href":"https:\/\/forum-entreprises.imt-nord-europe.fr\/forums\/index.php\/wp-json\/wp\/v2\/pages\/241","targetHints":{"allow":["GET"]}}],"collection":[{"href":"https:\/\/forum-entreprises.imt-nord-europe.fr\/forums\/index.php\/wp-json\/wp\/v2\/pages"}],"about":[{"href":"https:\/\/forum-entreprises.imt-nord-europe.fr\/forums\/index.php\/wp-json\/wp\/v2\/types\/page"}],"author":[{"embeddable":true,"href":"https:\/\/forum-entreprises.imt-nord-europe.fr\/forums\/index.php\/wp-json\/wp\/v2\/users\/1"}],"replies":[{"embeddable":true,"href":"https:\/\/forum-entreprises.imt-nord-europe.fr\/forums\/index.php\/wp-json\/wp\/v2\/comments?post=241"}],"version-history":[{"count":30,"href":"https:\/\/forum-entreprises.imt-nord-europe.fr\/forums\/index.php\/wp-json\/wp\/v2\/pages\/241\/revisions"}],"predecessor-version":[{"id":1332,"href":"https:\/\/forum-entreprises.imt-nord-europe.fr\/forums\/index.php\/wp-json\/wp\/v2\/pages\/241\/revisions\/1332"}],"wp:featuredmedia":[{"embeddable":true,"href":"https:\/\/forum-entreprises.imt-nord-europe.fr\/forums\/index.php\/wp-json\/wp\/v2\/media\/1333"}],"wp:attachment":[{"href":"https:\/\/forum-entreprises.imt-nord-europe.fr\/forums\/index.php\/wp-json\/wp\/v2\/media?parent=241"}],"curies":[{"name":"wp","href":"https:\/\/api.w.org\/{rel}","templated":true}]}}

<blockquote class="wp-block-quote is-style-large is-layout-flow wp-block-quote-is-layout-flow">
<p>&nbsp;</p>
</blockquote>



<div class="wp-block-columns is-layout-flex wp-container-core-columns-is-layout-9d6595d7 wp-block-columns-is-layout-flex" style="text-align: center;">
<div class="wp-block-column is-layout-flow wp-block-column-is-layout-flow">
<h4 style="text-align: left;"><b>Ingénieur généraliste<span class="Apple-converted-space"> </span></b></h4>
<p style="text-align: left;">Domaines d’enseignement : Industrie et Services ; Énergie et Environnement ; Sciences et Technologies du Numérique ; Eco-Matériaux, Industrie et Génie Civil</p>
<p style="text-align: left;">En formation initiale ou formation continue diplômante</p>
<h4 style="text-align: left;"><b>Ingénieur de spécialité (en apprentissage)</b></h4>
<ul style="text-align: left;">
<li>Informatique, Télécommunications et Réseaux (Campus de Villeneuve d’Ascq)</li>
<li>Génie Industriel (Campus de Valenciennes)</li>
<li>Matériaux, Plasturgie et Composites (Campus d’Alençon)</li>
<li>Génie des Infrastructures Ferroviaires (Campus de Valenciennes)</li>
<li>Génie énergétique (Campus de Dunkerque)</li>
</ul>
<h4 style="text-align: left;"><b>Programme d’Intégration Ingénieur<span class="Apple-converted-space"> </span></b><b>en Apprentissage (</b>π<b>A)</b></h4>
<h4 style="text-align: left;"><b>Masters Internationaux</b></h4>
<ul style="text-align: left;">
<li>MSc Eco-design and Advanced Composite Structures</li>
<li>MSc Advanced Design and Management of Durable Constructions</li>
<li>MSc in Design and Management of the Industry 4.0</li>
</ul>
<h4 style="text-align: left;"><b>Mastères Spécialisés<sup>®</sup></b></h4>
<ul style="text-align: left;">
<li>Produits et Procédés de l’Industrie du Béton</li>
<li>Bâtiment à Énergie Positive</li>
<li>Management des Risques Professionnels et Technologiques</li>
<li>Ingénierie de la Cybersécurité</li>
<li>Ingénierie de l’Économie Circulaire Appliquée aux Matériaux Durables</li>
</ul>
<h4 style="text-align: left;"><b>Doctorat<br /></b>Accréditation à délivrer le diplôme pour trois écoles doctorales :</h4>
<ul style="text-align: left;">
<li>Sciences de l’Ingénierie et des Systèmes (ENGSYS ED 632)</li>
<li>Sciences de la Matière, du Rayonnement et de l’Environnement (SMRE ED 104)</li>
<li>Mathématiques, Sciences du Numérique et de leurs interactions (MADIS ED 631)</li>
</ul>
</div>
<div class="wp-block-column" style="text-align: left;"></div>
</div>



<p class="has-text-align-right" style="text-align: left;"><span class="has-inline-color has-subtle-background-color"><strong><a href="http://imt-nord-europe.fr/formations/toutes-les-formations/" target="_blank" rel="noreferrer noopener">En savoir plus &gt;</a></strong></span></p>

<p>&nbsp; Ingénieur généraliste  Domaines d’enseignement : Industrie et Services ; Énergie et Environnement ; Sciences et Technologies du Numérique ; Eco-Matériaux, Industrie et Génie Civil En formation initiale ou formation continue diplômante Ingénieur de spécialité (en apprentissage) Informatique, Télécommunications et Réseaux (Campus de Villeneuve d’Ascq) Génie Industriel (Campus de Valenciennes) Matériaux, Plasturgie et Composites (Campus [&hellip;]</p>
